CREATE TABLE IF NOT EXISTS `configuracion` (
  `id_config` int NOT NULL AUTO_INCREMENT,
  `identidad` varchar(20) NOT NULL,
  `nombre` varchar(150) NOT NULL,
  `telefono` varchar(20) NOT NULL,
  `correo` varchar(50) NOT NULL,
  `direccion` varchar(255) NOT NULL,
  `mensaje` text NOT NULL,
  `facebook` varchar(100) DEFAULT NULL,
  PRIMARY KEY (`id_config`)
) ENGINE=InnoDB AUTO_INCREMENT=2;

-- Volcando datos para la tabla shop.configuracion: ~1 rows (aproximadamente)
INSERT INTO `configuracion` (`id_config`, `identidad`, `nombre`, `telefono`, `correo`, `direccion`, `mensaje`, `facebook`) VALUES
	(1, '7879878778', 'SHOPING CART', '937854127', 'info@sistemasfree.com', 'LIMA - PERÚ', 'GRACIAS POR SU PREFERENCIA', 'url');

-- Volcando estructura para tabla shop.detalle_compra
CREATE TABLE IF NOT EXISTS `detalle_compra` (
  `id` int NOT NULL AUTO_INCREMENT,
  `id_pedido` int NOT NULL,
  `id_producto` int NOT NULL,
  `nombre` varchar(255) NOT NULL,
  `precio` decimal(10,2) NOT NULL,
  `cantidad` int NOT NULL,
  PRIMARY KEY (`id`),
  KEY `id_producto` (`id_producto`),
  KEY `id_pedido` (`id_pedido`)
) ENGINE=InnoDB AUTO_INCREMENT=6;

-- Volcando datos para la tabla shop.detalle_compra: ~5 rows (aproximadamente)
INSERT INTO `detalle_compra` (`id`, `id_pedido`, `id_producto`, `nombre`, `precio`, `cantidad`) VALUES
	(1, 1, 3, 'CELULAR SANSUNG A12', 4.00, 1),
	(2, 1, 4, 'IMPRESORA EPSON', 6.00, 1),
	(3, 1, 5, 'DISEÑO WEB', 7.00, 1),
	(4, 2, 2, 'LAPTOP CORE I7', 3.00, 1),
	(5, 2, 3, 'CELULAR SANSUNG A12', 4.00, 1);

-- Volcando estructura para tabla shop.pedidos
CREATE TABLE IF NOT EXISTS `pedidos` (
  `id` int NOT NULL AUTO_INCREMENT,
  `transaccion` varchar(20)  NOT NULL,
  `fecha` date NOT NULL,
  `nombre` varchar(150) DEFAULT '',
  `direccion` varchar(255) DEFAULT '',
  `telefono` varchar(50) DEFAULT '',
  `estado` int NOT NULL DEFAULT '1',
  `total` decimal(10,2) NOT NULL,
  PRIMARY KEY (`id`)
) ENGINE=InnoDB AUTO_INCREMENT=3;

-- Volcando datos para la tabla shop.pedidos: ~2 rows (aproximadamente)
INSERT INTO `pedidos` (`id`, `transaccion`, `fecha`, `nombre`, `direccion`, `telefono`, `estado`, `total`) VALUES
	(1, '7S514222BB822971B', '2023-02-08', 'SISTEMAS FREE', 'AV LIBERTAR 150', '906644312', 0, 17.00),
	(2, '5AN5435384598072U', '2023-02-08', 'ANA LOPEZ', 'AV LIBERTAD 150', '98756657456', 0, 7.00);

-- Volcando estructura para tabla shop.productos
CREATE TABLE IF NOT EXISTS `productos` (
  `id_producto` int NOT NULL AUTO_INCREMENT,
  `titulo` varchar(255) NOT NULL,
  `descripcion_corta` text NOT NULL,
  `precio_normal` decimal(10,2) NOT NULL,
  `stock` int NOT NULL DEFAULT '0',
  `estado` int NOT NULL DEFAULT '1',
  `foto_destacada` varchar(50)  DEFAULT NULL,
  `fecha_create` timestamp NOT NULL DEFAULT CURRENT_TIMESTAMP ON UPDATE CURRENT_TIMESTAMP,
  PRIMARY KEY (`id_producto`)
) ENGINE=InnoDB AUTO_INCREMENT=8;

-- Volcando datos para la tabla shop.productos: ~7 rows (aproximadamente)
INSERT INTO `productos` (`id_producto`, `titulo`, `descripcion_corta`, `precio_normal`, `stock`, `estado`, `foto_destacada`, `fecha_create`) VALUES
	(1, 'PC GAMER', '<p>SOPORTE PARA VIDEO FUEGOS</p><p><a href="https://sistemasfree.com/">haciendo prubas</a></p>', 5.00, 0, 1, '1.JPG', '2023-02-08 18:13:59'),
	(2, 'LAPTOP CORE I7', '<p><strong>Lorem ipsum dolor sit amet consectetur adipisicing elit</strong></p>', 3.00, 13, 1, '2.JPG', '2023-02-08 18:29:23'),
	(3, 'CELULAR SANSUNG A12', '<p>CAMARA DE 48 <strong>PIXELES</strong></p>', 4.00, 14, 1, '3.JPG', '2023-02-08 18:29:23'),
	(4, 'IMPRESORA EPSON', '<p>TAMAÑO A4 FULL COLOR</p>', 6.00, 43, 1, '4.JPG', '2023-02-08 18:26:44'),
	(5, 'DISEÑO WEB', 'HTML5, CSS3 BOOTSTRAP 5', 7.00, 42, 1, '5.JPG', '2023-02-08 18:26:44'),
	(6, 'LAPTOP AMD', '<p>Lorem ipsum dolor sit amet consectetur adipisicing elit. Expedita, totam.</p>', 2.00, 10, 0, '20230208130628.jpg', '2023-02-08 18:08:33'),
	(7, 'NUEVO PRODUCTO', 'GFDFDG', 5.00, 5, 0, '20230208111832.jpg', '2023-02-08 16:18:58');

-- Volcando estructura para tabla shop.slider
CREATE TABLE IF NOT EXISTS `slider` (
  `id` int NOT NULL AUTO_INCREMENT,
  `imagen` varchar(255) NOT NULL,
  `titulo` text,
  `descripcion` text,
  `estado` int NOT NULL DEFAULT '1',
  PRIMARY KEY (`id`)
) ENGINE=InnoDB AUTO_INCREMENT=6;

-- Volcando datos para la tabla shop.slider: ~3 rows (aproximadamente)
INSERT INTO `slider` (`id`, `imagen`, `titulo`, `descripcion`, `estado`) VALUES
	(1, '1.jpg', 'APROVECHE LAS OFERTAS', 'TODA LAS COMPRAS VIENEN CON UN REGALO', 1),
	(2, '2.jpg', 'PANTALON DE MODA', 'minima sed. Tempore autem aut similique tenetur quaerat?', 1),
	(3, '3.jpg', 'BLACK FRIDAY', 'Lorem ipsum dolor sit amet, consectetur adipisicing elit. Id', 1);
